{"id":479,"date":"2025-02-09T19:33:02","date_gmt":"2025-02-09T19:33:02","guid":{"rendered":"https:\/\/40855037.servicio-online.net\/?page_id=479"},"modified":"2025-02-24T19:56:20","modified_gmt":"2025-02-24T19:56:20","slug":"quarry-es","status":"publish","type":"page","link":"https:\/\/arimarstone.com\/index.php\/quarry-es\/","title":{"rendered":"Quarry (ES)"},"content":{"rendered":"\t\t<div data-elementor-type=\"wp-page\" data-elementor-id=\"479\" class=\"elementor elementor-479\" data-elementor-post-type=\"page\">\n\t\t\t\t<div class=\"elementor-element elementor-element-4e7b0b6 e-flex e-con-boxed e-con e-parent\" data-id=\"4e7b0b6\" data-element_type=\"container\" data-settings=\"{&quot;background_background&quot;:&quot;classic&quot;}\">\n\t\t\t\t\t<div class=\"e-con-inner\">\n\t\t\t\t\t<\/div>\n\t\t\t\t<\/div>\n\t\t<div class=\"elementor-element elementor-element-d18301e e-flex e-con-boxed e-con e-parent\" data-id=\"d18301e\" data-element_type=\"container\">\n\t\t\t\t\t<div class=\"e-con-inner\">\n\t\t\t\t<div class=\"elementor-element elementor-element-8a6b2ab elementor-widget elementor-widget-heading\" data-id=\"8a6b2ab\" data-element_type=\"widget\" data-widget_type=\"heading.default\">\n\t\t\t\t<div class=\"elementor-widget-container\">\n\t\t\t\t\t<h2 class=\"elementor-heading-title elementor-size-default\">UNA CANTERA CON  <span style=\"color:var( --e-global-color-accent )\">HISTORIA<\/span><\/h2>\t\t\t\t<\/div>\n\t\t\t\t<\/div>\n\t\t\t\t<div class=\"elementor-element elementor-element-85bb258 elementor-widget elementor-widget-text-editor\" data-id=\"85bb258\" data-element_type=\"widget\" data-widget_type=\"text-editor.default\">\n\t\t\t\t<div class=\"elementor-widget-container\">\n\t\t\t\t\t\t\t\t\t<p>Nuestra cantera est\u00e1 estrechamente vinculada al desarrollo urbano y arquitect\u00f3nico de la zona de Puente Genil y sus alrededores, convirti\u00e9ndose en un punto de encuentro desde el siglo I a.C. hasta hoy a trav\u00e9s de nuestra piedra.<\/p>\t\t\t\t\t\t\t\t<\/div>\n\t\t\t\t<\/div>\n\t\t\t\t<div class=\"elementor-element elementor-element-da0a276 elementor-widget elementor-widget-text-editor\" data-id=\"da0a276\" data-element_type=\"widget\" data-widget_type=\"text-editor.default\">\n\t\t\t\t<div class=\"elementor-widget-container\">\n\t\t\t\t\t\t\t\t\t<p>La piedra extra\u00edda en nuestra cantera est\u00e1 presente en lugares tan importantes como el yacimiento arqueol\u00f3gico de Fuente \u00c1lamo (siglo I a.C. &#8211; siglo XIII), donde, presumiblemente, gracias a la proximidad a las monta\u00f1as, se convirti\u00f3 en el lugar para obtener las materias primas necesarias para la construcci\u00f3n del complejo.<\/p>\t\t\t\t\t\t\t\t<\/div>\n\t\t\t\t<\/div>\n\t\t\t\t<div class=\"elementor-element elementor-element-e186e2c elementor-widget elementor-widget-text-editor\" data-id=\"e186e2c\" data-element_type=\"widget\" data-widget_type=\"text-editor.default\">\n\t\t\t\t<div class=\"elementor-widget-container\">\n\t\t\t\t\t\t\t\t\t<p>Con la fundaci\u00f3n en la \u00e9poca medieval del primer centro urbano de lo que luego se llamar\u00eda Pont\u00f3n de Don Gonzalo, la cantera seguir\u00e1 siendo utilizada como base para la construcci\u00f3n de importantes edificios hist\u00f3ricos.<\/p>\t\t\t\t\t\t\t\t<\/div>\n\t\t\t\t<\/div>\n\t\t\t\t<div class=\"elementor-element elementor-element-8027617 elementor-widget elementor-widget-text-editor\" data-id=\"8027617\" data-element_type=\"widget\" data-widget_type=\"text-editor.default\">\n\t\t\t\t<div class=\"elementor-widget-container\">\n\t\t\t\t\t\t\t\t\t<p>Los primeros ejemplos de esto ser\u00e1n el espacio frontal que conforma la plaza Dulce Nombre o el p\u00f3rtico del Convento de San Francisco de la Victoria (1725), as\u00ed como monumentos conmemorativos como la cruz del Llanete en la Plaza de la Veracruz (1644).<\/p>\t\t\t\t\t\t\t\t<\/div>\n\t\t\t\t<\/div>\n\t\t\t\t<div class=\"elementor-element elementor-element-c2825e3 elementor-widget elementor-widget-text-editor\" data-id=\"c2825e3\" data-element_type=\"widget\" data-widget_type=\"text-editor.default\">\n\t\t\t\t<div class=\"elementor-widget-container\">\n\t\t\t\t\t\t\t\t\t<p>Ya a finales del siglo XVIII, se realizaron las cubiertas del Santuario de la Concepci\u00f3n (1799) y el Palacio de la Mayordom\u00eda de los Duques de Medinaceli, incluyendo z\u00f3calos y escudos. Ambos realizados por los hermanos Gallardo, mostrando un mercado local alrededor de la piedra de Sierra Gorda.<\/p>\t\t\t\t\t\t\t\t<\/div>\n\t\t\t\t<\/div>\n\t\t\t\t<div class=\"elementor-element elementor-element-441468e elementor-widget elementor-widget-text-editor\" data-id=\"441468e\" data-element_type=\"widget\" data-widget_type=\"text-editor.default\">\n\t\t\t\t<div class=\"elementor-widget-container\">\n\t\t\t\t\t\t\t\t\t<p>Con la llegada de la industrializaci\u00f3n a Puente Genil, la cantera tuvo que responder a nuevas necesidades de construcci\u00f3n. Estar\u00e1 presente en la construcci\u00f3n de la f\u00e1brica de luz Alianza (1878), el Puente de Hierro (1885), forjado en los talleres Eiffel en Par\u00eds, as\u00ed como el puente adyacente a este, ya en el siglo XX. Tambi\u00e9n estar\u00e1 presente durante este siglo en la construcci\u00f3n de la casa del ingeniero Lemonier y los bancos continuos que se a\u00f1adir\u00e1n a la Plaza Nacional. En el siglo XX nuestra piedra formar\u00e1 parte de la iglesia del Carmen (1917), el p\u00f3rtico de la iglesia de Jes\u00fas Nazareno o el monumento a los ni\u00f1os de Puente Genil.<\/p>\t\t\t\t\t\t\t\t<\/div>\n\t\t\t\t<\/div>\n\t\t\t\t<div class=\"elementor-element elementor-element-f2ccdd8 elementor-widget elementor-widget-text-editor\" data-id=\"f2ccdd8\" data-element_type=\"widget\" data-widget_type=\"text-editor.default\">\n\t\t\t\t<div class=\"elementor-widget-container\">\n\t\t\t\t\t\t\t\t\t<div class=\"content-wrapper animate-box\"><section class=\"about section-padding2 pb-5\"><div class=\"container\"><div class=\"row\"><div class=\"col-md-10 animate-box\" data-animate-effect=\"fadeInUp\"><p>Hoy, en el siglo XXI, nuestra cantera sigue escribiendo la historia de nuestro pueblo en piedra a trav\u00e9s de monumentos conmemorativos, como el dedicado a los fallecidos por la pandemia de Covid-19 y el dedicado al patr\u00f3n de Puente Genil en las orillas del r\u00edo que da nombre al pueblo.<\/p><\/div><\/div><\/div><\/section><\/div>\t\t\t\t\t\t\t\t<\/div>\n\t\t\t\t<\/div>\n\t\t\t\t\t<\/div>\n\t\t\t\t<\/div>\n\t\t<div class=\"elementor-element elementor-element-fe8fe58 e-flex e-con-boxed e-con e-parent\" data-id=\"fe8fe58\" data-element_type=\"container\" data-settings=\"{&quot;background_background&quot;:&quot;classic&quot;}\">\n\t\t\t\t\t<div class=\"e-con-inner\">\n\t\t\t\t\t<\/div>\n\t\t\t\t<\/div>\n\t\t\t\t<\/div>\n\t\t","protected":false},"excerpt":{"rendered":"<p>UNA CANTERA CON HISTORIA Nuestra cantera est\u00e1 estrechamente vinculada al desarrollo urbano y arquitect\u00f3nico de la zona de Puente Genil y sus alrededores, convirti\u00e9ndose en un punto de encuentro desde el siglo I a.C. hasta hoy a trav\u00e9s de nuestra piedra. La piedra extra\u00edda en nuestra cantera est\u00e1 presente en lugares tan importantes como el [&hellip;]<\/p>\n","protected":false},"author":1,"featured_media":0,"parent":0,"menu_order":0,"comment_status":"closed","ping_status":"closed","template":"elementor_header_footer","meta":{"footnotes":""},"class_list":["post-479","page","type-page","status-publish","hentry"],"_links":{"self":[{"href":"https:\/\/arimarstone.com\/index.php\/wp-json\/wp\/v2\/pages\/479","targetHints":{"allow":["GET"]}}],"collection":[{"href":"https:\/\/arimarstone.com\/index.php\/wp-json\/wp\/v2\/pages"}],"about":[{"href":"https:\/\/arimarstone.com\/index.php\/wp-json\/wp\/v2\/types\/page"}],"author":[{"embeddable":true,"href":"https:\/\/arimarstone.com\/index.php\/wp-json\/wp\/v2\/users\/1"}],"replies":[{"embeddable":true,"href":"https:\/\/arimarstone.com\/index.php\/wp-json\/wp\/v2\/comments?post=479"}],"version-history":[{"count":7,"href":"https:\/\/arimarstone.com\/index.php\/wp-json\/wp\/v2\/pages\/479\/revisions"}],"predecessor-version":[{"id":549,"href":"https:\/\/arimarstone.com\/index.php\/wp-json\/wp\/v2\/pages\/479\/revisions\/549"}],"wp:attachment":[{"href":"https:\/\/arimarstone.com\/index.php\/wp-json\/wp\/v2\/media?parent=479"}],"curies":[{"name":"wp","href":"https:\/\/api.w.org\/{rel}","templated":true}]}}

<div data-elementor-type="wp-page" data-elementor-id="479" class="elementor elementor-479" data-elementor-post-type="page">
				<div class="elementor-element elementor-element-4e7b0b6 e-flex e-con-boxed e-con e-parent" data-id="4e7b0b6" data-element_type="container" data-settings="{&quot;background_background&quot;:&quot;classic&quot;}">
					<div class="e-con-inner">
					</div>
				</div>
		<div class="elementor-element elementor-element-d18301e e-flex e-con-boxed e-con e-parent" data-id="d18301e" data-element_type="container">
					<div class="e-con-inner">
				<div class="elementor-element elementor-element-8a6b2ab elementor-widget elementor-widget-heading" data-id="8a6b2ab" data-element_type="widget" data-widget_type="heading.default">
				<div class="elementor-widget-container">
					<h2 class="elementor-heading-title elementor-size-default">UNA CANTERA CON  <span style="color:var( --e-global-color-accent )">HISTORIA</span></h2>				</div>
				</div>
				<div class="elementor-element elementor-element-85bb258 elementor-widget elementor-widget-text-editor" data-id="85bb258" data-element_type="widget" data-widget_type="text-editor.default">
				<div class="elementor-widget-container">
									<p>Nuestra cantera está estrechamente vinculada al desarrollo urbano y arquitectónico de la zona de Puente Genil y sus alrededores, convirtiéndose en un punto de encuentro desde el siglo I a.C. hasta hoy a través de nuestra piedra.</p>								</div>
				</div>
				<div class="elementor-element elementor-element-da0a276 elementor-widget elementor-widget-text-editor" data-id="da0a276" data-element_type="widget" data-widget_type="text-editor.default">
				<div class="elementor-widget-container">
									<p>La piedra extraída en nuestra cantera está presente en lugares tan importantes como el yacimiento arqueológico de Fuente Álamo (siglo I a.C. &#8211; siglo XIII), donde, presumiblemente, gracias a la proximidad a las montañas, se convirtió en el lugar para obtener las materias primas necesarias para la construcción del complejo.</p>								</div>
				</div>
				<div class="elementor-element elementor-element-e186e2c elementor-widget elementor-widget-text-editor" data-id="e186e2c" data-element_type="widget" data-widget_type="text-editor.default">
				<div class="elementor-widget-container">
									<p>Con la fundación en la época medieval del primer centro urbano de lo que luego se llamaría Pontón de Don Gonzalo, la cantera seguirá siendo utilizada como base para la construcción de importantes edificios históricos.</p>								</div>
				</div>
				<div class="elementor-element elementor-element-8027617 elementor-widget elementor-widget-text-editor" data-id="8027617" data-element_type="widget" data-widget_type="text-editor.default">
				<div class="elementor-widget-container">
									<p>Los primeros ejemplos de esto serán el espacio frontal que conforma la plaza Dulce Nombre o el pórtico del Convento de San Francisco de la Victoria (1725), así como monumentos conmemorativos como la cruz del Llanete en la Plaza de la Veracruz (1644).</p>								</div>
				</div>
				<div class="elementor-element elementor-element-c2825e3 elementor-widget elementor-widget-text-editor" data-id="c2825e3" data-element_type="widget" data-widget_type="text-editor.default">
				<div class="elementor-widget-container">
									<p>Ya a finales del siglo XVIII, se realizaron las cubiertas del Santuario de la Concepción (1799) y el Palacio de la Mayordomía de los Duques de Medinaceli, incluyendo zócalos y escudos. Ambos realizados por los hermanos Gallardo, mostrando un mercado local alrededor de la piedra de Sierra Gorda.</p>								</div>
				</div>
				<div class="elementor-element elementor-element-441468e elementor-widget elementor-widget-text-editor" data-id="441468e" data-element_type="widget" data-widget_type="text-editor.default">
				<div class="elementor-widget-container">
									<p>Con la llegada de la industrialización a Puente Genil, la cantera tuvo que responder a nuevas necesidades de construcción. Estará presente en la construcción de la fábrica de luz Alianza (1878), el Puente de Hierro (1885), forjado en los talleres Eiffel en París, así como el puente adyacente a este, ya en el siglo XX. También estará presente durante este siglo en la construcción de la casa del ingeniero Lemonier y los bancos continuos que se añadirán a la Plaza Nacional. En el siglo XX nuestra piedra formará parte de la iglesia del Carmen (1917), el pórtico de la iglesia de Jesús Nazareno o el monumento a los niños de Puente Genil.</p>								</div>
				</div>
				<div class="elementor-element elementor-element-f2ccdd8 elementor-widget elementor-widget-text-editor" data-id="f2ccdd8" data-element_type="widget" data-widget_type="text-editor.default">
				<div class="elementor-widget-container">
									<div class="content-wrapper animate-box"><section class="about section-padding2 pb-5"><div class="container"><div class="row"><div class="col-md-10 animate-box" data-animate-effect="fadeInUp"><p>Hoy, en el siglo XXI, nuestra cantera sigue escribiendo la historia de nuestro pueblo en piedra a través de monumentos conmemorativos, como el dedicado a los fallecidos por la pandemia de Covid-19 y el dedicado al patrón de Puente Genil en las orillas del río que da nombre al pueblo.</p></div></div></div></section></div>								</div>
				</div>
					</div>
				</div>
		<div class="elementor-element elementor-element-fe8fe58 e-flex e-con-boxed e-con e-parent" data-id="fe8fe58" data-element_type="container" data-settings="{&quot;background_background&quot;:&quot;classic&quot;}">
					<div class="e-con-inner">
					</div>
				</div>
				</div>

<p>UNA CANTERA CON HISTORIA Nuestra cantera está estrechamente vinculada al desarrollo urbano y arquitectónico de la zona de Puente Genil y sus alrededores, convirtiéndose en un punto de encuentro desde el siglo I a.C. hasta hoy a través de nuestra piedra. La piedra extraída en nuestra cantera está presente en lugares tan importantes como el [&hellip;]</p>
